etermine v(-4).
-5
Let w(v) = -v**3 + 8*v**2 - 5*v + 8. Determine w(8).
-32
Let f(r) = -r**3 - 10*r**2 + 15*r + 39. Calculate f(-11).
-5
Let x(b) = b**3 - 11*b**2 + 6*b + 23. Give x(10).
-17
Let i(h) = h + 10. Calculate i(-13).
-3
Let h(r) = -r**3 + 4*r**2 - 9*r + 2. Give h(2).
-8
Let d(j) = 6*j - 39. Determine d(9).
15
Let y(u) = -u**3 + 7*u**2 + 13*u - 26. Give y(7).
65
Let b(m) = 3*m - 3. Determine b(8).
21
Let u(l) = -26*l + 100. Determine u(4).
-4
Let t(q) = -q**2 - 3*q + 10. Determine t(4).
-18
Let t(y) = -17*y**3 - y**2 - y - 1. Give t(-1).
16
Let w(f) = f**3 - f**2 - 10. Determine w(0).
-10
Let z(d) = 2*d**2 - 22*d + 53. Determine z(7).
-3
Let s(u) = -6*u + 22. What is s(2)?
10
Let j(a) = a**3 + 60*a**2 - 620*a + 67. Determine j(-69).
-2
Let l(w) = 4*w**2 + w + 3. Calculate l(1).
8
Let f(o) = -o**3 - 17*o**2 - 3*o - 39. Give f(-17).
12
Let n(l) = l**3 + l**2 - 25*l + 18. Give n(4).
-2
Let h(x) = 4*x**2 - 4*x - 10. What is h(3)?
14
Let s(k) = 5*k - 1. Give s(-1).
-6
Let j(z) = -z**2 - 37*z - 344. Determine j(-21).
-8
Let d(a) = a - 7. Give d(8).
1
Let i(m) = m**2 + 2*m - 23. Calculate i(-6).
1
Let q(z) = 3*z**3 - 47*z**2 + 30*z + 4. Determine q(15).
4
Let k(u) = u**3 - 13*u**2 + 9*u + 50. Calculate k(11).
-93
Let s(f) = -7*f**2 + 3*f + 1. Calculate s(1).
-3
Let f(y) = -12*y + 7. What is f(5)?
-53
Let p(g) = -3*g**2 + 3*g + 3. Determine p(-4).
-57
Let y(p) = p - 5. Determine y(6).
1
Let u(x) = x**3 - x**2 - 5*x + 4. Calculate u(3).
7
Let i(h) = h**3 + 6*h**2 + h - 17. Calculate i(-5).
3
Let z(m) = -9*m + 67. Give z(7).
4
Let k(h) = 2*h**3 - 74*h**2 + 70*h + 76. What is k(36)?
4
Let n(x) = x - 13. Calculate n(14).
1
Let v(r) = 20*r**2 - 2*r + 1. What is v(1)?
19
Let k(j) = 3*j + 32. Give k(-7).
11
Let z(w) = -w**3 + 8*w**2 + 6*w - 6. What is z(8)?
42
Let o(a) = a - 4. Determine o(0).
-4
Let g(h) = 5*h**3 + h + 2. Give g(-1).
-4
Let k(h) = h + 16. Determine k(-14).
2
Let d(x) = x**3 + 3*x**2 - 2*x + 4. What is d(-3)?
10
Let l(s) = s**3 - 10*s**2 + 7*s - 9. What is l(9)?
-27
Let x(g) = 48*g**2 - g - 2. Calculate x(-1).
47
Let s(q) = -q**3 + 22*q**2 - 21*q + 2. Calculate s(21).
2
Let d(v) = -v**3 - 2*v**2 + 2*v + 2. Give d(-3).
5
Let h(o) = o - 3. Determine h(-7).
-10
Let s(j) = -2*j**2 - 27*j - 6. Give s(-14).
-20
Let i(m) = -m**2 + 7*m + 25. What is i(8)?
17
Let g(r) = -r**3 + 5*r**2 - 4*r. Determine g(5).
-20
Let s(x) = -x**3 + 28*x**2 - 77*x + 52. Give s(25).
2
Let y(w) = -w**3 - 4*w**2 + 15*w - 3. Calculate y(-7).
39
Let k(u) = u**2 + 8*u + 3. Determine k(-3).
-12
Let m(o) = -o**3 - 38*o**2 + 37*o - 80. Calculate m(-39).
-2
Let n(u) = 8*u**3 - u**2 - u + 2. Give n(2).
60
Let g(f) = f**3 + 5*f**2 + f + 37. What is g(-6)?
-5
Let l(r) = 5*r - 10. What is l(-5)?
-35
Let r(d) = d**3 - 6*d**2 - 2*d + 4. Determine r(5).
-31
Let x(q) = 2*q**3 + 7*q**2 + 9*q + 1. Give x(-2).
-5
Let d(i) = -5*i + 9. Determine d(3).
-6
Let f(p) = p**3 - 15*p**2 - 16*p - 8. What is f(16)?
-8
Let k(l) = -l**2 + 2*l - 1. Give k(3).
-4
Let u(z) = 44*z + 82. Give u(-2).
-6
Let i(s) = 3*s**3 - 2*s**2 - 2*s. Calculate i(2).
12
Let m(r) = -r**3 + r**2 + 3*r + 6. Calculate m(5).
-79
Let g(u) = -38*u - 12. Give g(-1).
26
Let o(v) = 44*v**2 - 2*v - 1. Determine o(-1).
45
Let q(r) = -r**2 - 7*r + 4. What is q(-4)?
16
Let g(q) = q**3 + 21*q**2 + q + 20. Calculate g(-21).
-1
Let f(j) = -j**2 - 4*j - 5. What is f(-2)?
-1
Let s(p) = 9*p**3 - p**2 - 2*p - 1. Determine s(-1).
-9
Let i(k) = k**2 - 15*k + 17. Determine i(14).
3
Let t(x) = x**3 - 6*x**2 + x - 9. Calculate t(7).
47
Let t(l) = -l**2 - 47*l - 46. Give t(-1).
0
Let c(v) = v**2 + 6*v - 35. Determine c(6).
37
Let p(r) = r**3 + 7*r**2 - 3*r - 5. What is p(-5)?
60
Let l(j) = 2*j**2 + 7*j - 17. Calculate l(-7).
32
Let y(v) = -47*v**3 - 2*v**2 + 2. Determine y(1).
-47
Let b(g) = -5*g + 13. Give b(4).
-7
Let n(a) = -4*a + 58. Give n(13).
6
Let d(l) = -l**2 + 8*l + 9. What is d(12)?
-39
Let b(u) = -2*u**3 + 4*u**2 - 13*u + 1. Calculate b(3).
-56
Let h(l) = l**3 - 8*l**2 - 8*l - 9. Calculate h(9).
0
Let g(v) = -v**2 + 8*v + 9. Determine g(8).
9
Let b(g) = -3*g**3 + 3*g**2 + 2*g. Determine b(-2).
32
Let k(a) = 5*a + 4. Give k(1).
9
Let k(z) = -24*z + 80. Calculate k(4).
-16
Let x(o) = -o**3 - 7*o**2 + o - 8. Calculate x(-7).
-15
Let i(x) = -x**2 + 15*x + 79. Give i(19).
3
Let v(n) = -n**2 + n - 39. Calculate v(0).
-39
Let x(u) = 3*u - 5. Give x(-6).
-23
Let x(b) = b**2 - 4. What is x(2)?
0
Let z(u) = u**3 + 19*u**2 + 20*u + 32. What is z(-18)?
-4
Let c(f) = f**3 - 7*f**2 - 10*f + 12. What is c(8)?
-4
Let c(g) = g**3 - 13*g**2 + 13*g - 18. Give c(12).
-6
Let v(h) = -2*h + 1. What is v(2)?
-3
Let f(y) = 47*y + 12. Give f(-3).
-129
Let g(z) = 2*z**3 + 22*z**2 + 7*z + 18. Calculate g(-11).
-59
Let t(u) = 2*u**3 + 15*u**2 + 17*u - 11. Give t(-6).
-5
Let k(d) = 3*d**2 - 31*d + 4. Calculate k(8).
-52
Let c(i) = i - 15. Determine c(0).
-15
Let q(a) = -2*a - 14. Give q(-7).
0
Let c(x) = 9*x**3 + x**2 + x + 2. What is c(-2)?
-68
Let g(b) = -2*b + 1. Determine g(-5).
11
Let d(g) = -g**3 - 3*g**2 - g - 53. Give d(-5).
2
Let y(g) = -g**3 - 5*g**2 + 4*g - 3. Calculate y(-4).
-35
Let m(p) = -p**3 + 9*p**2 + 16*p - 25. Give m(11).
-91
Let r(q) = -q**2 + 6*q + 14. Determine r(7).
7
Let d(h) = -3*h + 25. What is d(10)?
-5
Let w(v) = v**2 + 15*v - 6. Give w(-15).
-6
Let b(d) = -6*d**2 + d - 2. Give b(5).
-147
Let f(h) = -6*h - 66. Determine f(-11).
0
Let p(w) = 18*w**3 + 4*w**2 + 3*w - 1. Calculate p(-2).
-135
Let x(n) = -48*n - 207. Give x(-4).
-15
Let h(v) = -2*v**3 - 15*v**2 - 10*v - 20. Give h(-7).
1
Let s(w) = -6*w**2 - 57. Determine s(0).
-57
Let i(o) = 5*o**2 - 3*o - 3. Give i(6).
159
Let m(q) = -2*q**2 + 19*q - 52. Give m(4).
-8
Let g(z) = -3*z**2 - 2*z - 7. What is g(3)?
-40
Let k(q) = 7*q**3 - q**2 + 2*q - 1. Calculate k(1).
7
Let x(i) = -5*i + 56. Give x(15).
-19
Let q(g) = 154*g + 1067. Give q(-7).
-11
Let h(j) = -j**3 + 4*j**2 + 6*j - 5. Determine h(5).
0
Let h(a) = -10*a + 4. Determine h(-5).
54
Let p(y) = y**2 + 2*y + 5. What is p(-5)?
20
Let j(h) = -h**3 - 29*h**2 + 37*h + 226. Give j(-30).
16
Let p(w) = 2*w**2 + 15*w + 26. What is p(-6)?
8
Let k(o) = 2*o**3 - o - 1. Determine k(-1).
-2
Let w(y) = y**2 - 76. Determine w(0).
-76
Let s(d) = d**2 - 9*d + 5. Determine s(7).
-9
Let y(i) = i**2 + 5*i + 2. What is y(-5)?
2
Let a(b) = -b**2 - 23*b - 26. Determine a(-22).
-4
Let r(g) = 3*g - 9. What is r(4)?
3
Let n(w) = -w**3 + w**2 - 2*w + 2. What is n(0)?
2
Let y(r) = 5*r**2 - 6*r + 2. What is y(3)?
29
Let k(z) = z**3 + 13*z**2 + 20*z - 14. Give k(-11).
8
Let k(d) = -18*d + 41. What is k(2)?
5
Let r(w) = w. What is r(-6)?
-6
Let j(g) = -g**3 + 7*g**2 - 21*g + 22. Determine j(3).
-5
Let t(d) = 18*d**2 - d - 4. What is t(-2)?
70
Let i(c) = c**2 + 11*c - 15. What is i(-13)?
11
Let i(u) = 2*u**2 + 17*u - 9. Determine i(-8).
-17
Let u(p) = -p**2 + 18*p - 48. Give u(15).
-3
Let m(d) = -d**3 + 23*d**2 - d + 31. Give m(23).
8
Let t(o) = 6*o + 4. What is t(-5)?
-26
Let q(h) = -h**2 - h - 1. Determine q(2).
-7
Let o(b) = 57*b + 1. Calculate o(1).
58
Let m(a) = a**3 + 11*a**2 + 14*a - 17. Give m(-11).
-171
Let u(f) = -2*f**2 + 5*f + 1. Calculate u(6).
-41
Let v(o) = -o**3 - 10*o**2 + 11*o - 12. What is v(-11)?
-12
Let g(h) = -h**2 + h - 3. Determine g(-4).
-23
Let c(h) = -h**3 - 5*h**2 - 13*h - 30. Give c(-4).
6
Let a(v) = -v - 4. Determine a(10).
-14
Let v(b) = -b**2 + 16*b + 16. Give v(17).
-1
Let t(c) = -c**3 + 3*c**2 + 3*c + 3. Determine t(4).
-1
Let j(n) = 2*n**2 - 13*n + 8. Calculate j(9).
53
Let c(m) = -m**3 - 5*m**2 - 2*m - 17. Determine c(-5).
-7
Let o(a) = 4*a**2 - 2*a - 6. Determine o(2).
6
Let w(u) = -u**3 - 8*u**2 - 3*u - 6. Give w(-8).
18
Let x(p) = p**2 + 11*p + 14. What is x(-8)?
-10
Let j(p) = -p**2 + 24*p + 56. What is j(-2)?
4
Let b(l) = -2*l - 11. Give b(-8).
5
Let n(g) = 2*g**2 - 9*g + 7. What is n(3)?
-2
Let u(b) = 2*b**3 + 6*b**2 + 4*b - 1. Give u(-1).
-1
Let y(b) = b**2 + 13*b + 10. Give y(-12).
-2
Let m(h) = -4*h**2 + 24*h - 38. Give m(2).
-6
Let k(s) = s**2 - 8*s - 3. What is k(8)?
-3
Let o(j) = -j**3 + 16*j**2 - 20*j + 47. Determine o(15).
-28
Let h(o) = -o**2 - 3*o + 44. Give h(-8).
4
Let g(j) = j - 14. Determine g(0).
-14
Let s(o) = 2*o - 21. Determine s(-10).
-41
Let t(c) = 2*c**2 - c - 4. Calculate t(6).
62
Let p(v)